25*o - 230. Let m be q(19). What is the greatest common divisor of 35 and m?
35
Suppose 5*n - 134 = -3*p, 3*p + 28 = 5*n - 118. Let g(q) = q**2 - 2. Let b be g(3). What is the greatest common divisor of b and n?
7
Let p = -1627 - -3139. Calculate the greatest common factor of 63 and p.
63
Let n(j) = 42 + 6*j - 19 + j**2 - 17. Suppose -3*b - 2*y - 19 = 0, 16 = -2*b - 2*y - y. Let h be n(b). What is the greatest common factor of h and 4?
1
Let v(u) = -u**3 + 39*u**2 + 85*u + 17. Let o be v(41). What is the highest common divisor of 56 and o?
28
Let y be (-5)/35 + 510/42. Calculate the highest common factor of y and 3.
3
Let f(m) = -2*m**2 - 17*m - 10. Let a be f(-6). Let o(u) = 10*u**2 - 2. Let z be o(-2). Let t = 68 - z. What is the greatest common factor of a and t?
10
Suppose 1690 = -4*m + 2*h, 0 = 2*h + 2. Let w be 1/(-2) - m/6. Let p be -3*26/(-6) - 3. What is the highest common factor of w and p?
10
Suppose -2*m + 442 = 3*z + 89, 172 = m - 3*z. Let q = m - 122. Suppose 2*c - q = -0*c + 3*o, 2*c - 33 = -o. Calculate the highest common divisor of 133 and c.
19
Let v = -14 + 74. What is the greatest common divisor of 24 and v?
12
Let f be (-24)/42 + (-8080)/(-28). Calculate the greatest common divisor of 36 and f.
36
Suppose 5*n = -3*o + 136, -3*n + 114 = 4*o + 28. What is the highest common divisor of n and 10?
2
Suppose -y + 3*k = -29, -18*y + 16*y = 3*k - 31. Calculate the greatest common factor of 230 and y.
10
Let x = 10 + -8. Let t be (x + -3)*(-5 - -2). Let m = t - -15. Calculate the highest common factor of 72 and m.
18
Suppose 11*u - 15*u = -720. Let b(n) = -n**3 + 11*n**2 - 8*n - 18. Let j be b(9). Calculate the highest common factor of j and u.
36
Suppose -3*r + 3894 - 1654 = 4*y, 4*y = -4*r + 2984. Calculate the highest common divisor of 36 and r.
12
Let d be (-2)/(-3)*(-381)/2. Let j be (-4)/7 + 18/(-42) - d. What is the greatest common factor of j and 18?
18
Let s = -133 + 63. Let q = s - -41. Let h = -4 - q. Calculate the greatest common divisor of h and 5.
5
Suppose i = 11*m - 10*m + 23, -5*i + 4*m = -115. What is the highest common divisor of 161 and i?
23
Let d(v) = -49*v - 3. Let z be d(-2). Suppose 197*o + 211*o = 423*o - 75. Calculate the highest common divisor of o and z.
5
Let o(u) = -3*u - 8. Let r(q) = -10*q - 25. Let w(y) = -7*o(y) + 2*r(y). Let f be w(22). What is the highest common divisor of f and 14?
14
Let s(k) = 7*k - 23. Let r(g) = 7*g - 24. Let o(l) = 7*r(l) - 6*s(l). Let q be o(8). Calculate the greatest common divisor of 286 and q.
26
Let h be 45*(10/(-7) - 12/(-28)). Let y = h - -63. Calculate the greatest common factor of y and 2.
2
Let r = 425 + -395. What is the highest common divisor of r and 45?
15
Suppose h + 2*h - 12 = 0. Suppose 3*n - 2 = -h*g, -4*g + 19 = 5*n + 5. Calculate the highest common divisor of 2 and n.
2
Suppose -1003 = -11*n + 53. What is the greatest common factor of 1248 and n?
96
Suppose -w + 0 = -3. Suppose -g + 16 = w*g, -n = -3*g + 10. Calculate the highest common divisor of 6 and n.
2
Suppose 0 = -15*y - 13 + 973. Calculate the greatest common factor of y and 16.
16
Let l = 28 - 13. Let s = 31 - l. What is the greatest common divisor of 16 and s?
16
Let t = 48 + 68. Calculate the greatest common factor of t and 145.
29
Let a(s) = 2*s. Let x be a(9). Suppose 4*n - 82 = -t + 2*n, 5*t - 380 = -4*n. Calculate the greatest common divisor of t and x.
18
Let h(q) = q + 31. Let z(i) = i + 1. Let l(p) = -h(p) - 3*z(p). Let g be l(-16). What is the greatest common divisor of g and 15?
15
Let t(b) = b**3 - 22*b**2 + 24*b - 9. Let j(y) = 5*y + 41. Let p be j(-4). Let i be t(p). Calculate the greatest common divisor of i and 162.
54
Let c = -19 - -31. Suppose c*a - 60 = 7*a. Calculate the greatest common factor of a and 48.
12
Let k = -39 - -69. Let f = k - 30. Suppose p - 2*p + 15 = f. What is the highest common factor of 135 and p?
15
Let i be (509*-1 + -1)/((-81)/54). Calculate the highest common factor of i and 102.
34
Let i = 337 - 311. Calculate the highest common divisor of i and 780.
26
Let n = -34 - -67. Suppose 2*o + 3*g = 51, -o + 28*g - 24*g = -53. What is the highest common divisor of n and o?
33
Let q(u) = -u - 2. Let m be q(-4). Suppose 0 = v + m*o + 18 - 5, -2*o + 8 = -2*v. Let r = 2 - v. What is the highest common divisor of 3 and r?
3
Suppose 4*n + 4 + 32 = 4*w, -5*w - 4*n + 27 = 0. Let v = w - -23. What is the greatest common factor of 10 and v?
10
Let a = 423 + -263. Let f be 1*(-1 - -2)*64. What is the highest common divisor of f and a?
32
Let b = 222 - 128. What is the greatest common factor of b and 3008?
94
Suppose -2*z - 5*t = -43 - 18, -5*t + 145 = 5*z. Suppose -b - 5*q + z = -4*q, -88 = -4*b + 4*q. What is the greatest common divisor of b and 10?
5
Let j be 0 + 4 - 273/(-3). Suppose -v + 95 = 5*q - 0, 0 = v - q - j. Calculate the greatest common divisor of v and 38.
19
Let n be 1/7 - (-8 + (-7044)/84). What is the highest common divisor of 230 and n?
46
Let x be ((-60)/(-9))/(3/99). Let r = -140 + x. Suppose 6*u - u = r. What is the greatest common divisor of u and 16?
16
Let y(w) = w**3 + 24*w**2 + 14*w + 3. Let b be y(-23). Calculate the highest common factor of 90 and b.
30
Let h = -49 + 50. What is the greatest common divisor of h and 17?
1
Suppose -69 = -4*p + 279. Suppose -6*z + p + 81 = 0. What is the greatest common factor of z and 21?
7
Suppose -6*j - 11 = -41. Suppose 2*w + 3*i = 33, -j*w - i = -3 - 60. Calculate the highest common factor of w and 6.
6
Suppose -4*v + 94 = -g, -4*v - 56*g = -53*g - 102. Suppose -f - 8 + 68 = 0. What is the greatest common divisor of v and f?
12
Let x(y) = y**3 - y**2 + y. Let p(f) = 4*f**3 + 3*f**2 - 4*f - 6. Let d(c) = p(c) - 3*x(c). Let s be d(-6). Calculate the highest common divisor of s and 288.
36
Suppose -7*l = -0*l - 70. Calculate the highest common divisor of l and 25.
5
Let n = -65 + 69. Suppose 4*a + n*c = 8, 0*c = -4*a - 5*c + 7. Calculate the greatest common factor of 51 and a.
3
Suppose 0*s + 151 = 4*s - 3*h, s - 28 = 4*h. Let n = 70 - s. Calculate the highest common divisor of 150 and n.
30
Let j = 235 - 159. Let u(d) = d - 11. Let g be u(3). Let p(w) = -w**2 - 8*w + 19. Let q be p(g). Calculate the highest common factor of q and j.
19
Let a be 5 + -1 + 91 + 9. Let c = -33 + 46. Calculate the greatest common factor of c and a.
13
Let h(q) = q**3 + 12*q**2 - 10*q + 19. Let o be h(-9). What is the highest common divisor of o and 32?
32
Let x be (-59)/(-649) + 2001/11. Calculate the greatest common factor of x and 56.
14
Let h = 10 - -4. Suppose 5*z = 2*f + 169, -403 = 4*f + 4*z - z. Let y = f + 118. What is the highest common divisor of y and h?
7
Suppose 5*j + 2*a = -343, 4*a = 4*j + 30 + 222. Let h be -1 + -2 - (j - -4). What is the greatest common divisor of h and 150?
30
Suppose -2*z = n - 388, -z - 45 + 1219 = 3*n. What is the greatest common divisor of 147 and n?
49
Suppose -4*q - 14 = -3*y + 27, -4*y + 54 = -5*q. Suppose -y*d + 349 = -36. Calculate the highest common divisor of d and 245.
35
Let f(x) = -70*x + 32. Let d be f(-2). Calculate the greatest common factor of d and 430.
86
Let j = -20 - -20. Let h be (j - -42) + -4 + 2. Calculate the greatest common factor of 160 and h.
40
Let o = -42 - -37. Let v(u) = -6*u + 14. Let k be v(o). Calculate the greatest common factor of 4 and k.
4
Let g(i) = 129*i + 243. Let u be g(9). What is the highest common factor of 13 and u?
13
Let d be (-108)/(((-60)/(-525))/((-4)/14)). What is the greatest common factor of d and 30?
30
Let l = 166 + 16. Let n(g) = -g**2 + 29*g - 28. Let s be n(27). What is the highest common divisor of l and s?
26
Let t(g) = -236*g + 1. Let c be t(-1). Suppose 5*l + 140 = 5*w - 100, 5*w = 4*l + c. Let k be -30*1*1/(-2). What is the highest common factor of k and w?
15
Let x = 10 - 8. Suppose -2 = -3*r + x*r. Suppose -7*q = -r*q - 30. Calculate the greatest common factor of 66 and q.
6
Suppose -3*v - 5*f + 28 = 0, 16 = 5*v - f - 40. Suppose -39 = -5*x + 16. What is the greatest common factor of v and x?
11
Let y(a) = 46*a + 33. Let b be y(0). Calculate the highest common divisor of 121 and b.
11
Let t be (28/6)/(1/3). Let w(v) = -11*v - 1 - 4*v**2 - 6 + 3*v**2 + 0. Let f be w(-7). Calculate the greatest common divisor of t and f.
7
Su